{"id":59,"date":"2025-05-22T18:34:47","date_gmt":"2025-05-22T16:34:47","guid":{"rendered":"https:\/\/fore-community-manager-01.com\/index.php\/front_page\/"},"modified":"2025-10-26T02:39:20","modified_gmt":"2025-10-26T01:39:20","slug":"accueil","status":"publish","type":"page","link":"https:\/\/fore-community-manager-01.com\/","title":{"rendered":"Accueil"},"content":{"rendered":"\n\n\n\n\n\n\n\n\n\n\n\n\n\n\n\n\n\n\n\n\n\n\n\n","protected":false},"excerpt":{"rendered":"","protected":false},"author":1,"featured_media":0,"parent":0,"menu_order":0,"comment_status":"closed","ping_status":"closed","template":"","meta":{"saved_in_kubio":true,"footnotes":""},"class_list":["post-59","page","type-page","status-publish","hentry"],"kubio_ai_page_context":{"short_desc":"","purpose":"general","isFrontPage":true},"yoast_head":"<!-- This site is optimized with the Yoast SEO plugin v26.1.1 - https:\/\/yoast.com\/wordpress\/plugins\/seo\/ -->\n<title>Accueil \u2013 viennoiserie Plus<\/title>\n<meta name=\"description\" content=\"Accueil \u2013 D\u00e9couvrez Viennoiserie Plus : des viennoiseries artisanales, faites maison. Qualit\u00e9, go\u00fbt et accueil chaleureux vous attendent !\" \/>\n<meta name=\"robots\" content=\"noindex, follow, max-snippet:-1, max-image-preview:large, max-video-preview:-1\" \/>\n<meta property=\"og:locale\" content=\"en_US\" \/>\n<meta property=\"og:type\" content=\"article\" \/>\n<meta property=\"og:title\" content=\"Accueil \u2013 viennoiserie Plus\" \/>\n<meta property=\"og:description\" content=\"Accueil \u2013 D\u00e9couvrez Viennoiserie Plus : des viennoiseries artisanales, faites maison. Qualit\u00e9, go\u00fbt et accueil chaleureux vous attendent !\" \/>\n<meta property=\"og:url\" content=\"http:\/\/fore-community-manager-01.com\/\" \/>\n<meta property=\"og:site_name\" content=\"Viennoiserie Plus\" \/>\n<meta property=\"article:modified_time\" content=\"2025-10-26T01:39:20+00:00\" \/>\n<meta name=\"twitter:card\" content=\"summary_large_image\" \/>\n<meta name=\"twitter:label1\" content=\"Est. reading time\" \/>\n\t<meta name=\"twitter:data1\" content=\"3 minutes\" \/>\n<script type=\"application\/ld+json\" class=\"yoast-schema-graph\">{\"@context\":\"https:\/\/schema.org\",\"@graph\":[{\"@type\":\"WebPage\",\"@id\":\"http:\/\/fore-community-manager-01.com\/\",\"url\":\"http:\/\/fore-community-manager-01.com\/\",\"name\":\"Accueil \u2013 viennoiserie Plus\",\"isPartOf\":{\"@id\":\"https:\/\/fore-community-manager-01.com\/#website\"},\"datePublished\":\"2025-05-22T16:34:47+00:00\",\"dateModified\":\"2025-10-26T01:39:20+00:00\",\"description\":\"Accueil \u2013 D\u00e9couvrez Viennoiserie Plus : des viennoiseries artisanales, faites maison. Qualit\u00e9, go\u00fbt et accueil chaleureux vous attendent !\",\"breadcrumb\":{\"@id\":\"http:\/\/fore-community-manager-01.com\/#breadcrumb\"},\"inLanguage\":\"en-US\",\"potentialAction\":[{\"@type\":\"ReadAction\",\"target\":[\"http:\/\/fore-community-manager-01.com\/\"]}]},{\"@type\":\"BreadcrumbList\",\"@id\":\"http:\/\/fore-community-manager-01.com\/#breadcrumb\",\"itemListElement\":[{\"@type\":\"ListItem\",\"position\":1,\"name\":\"Accueil\",\"item\":\"http:\/\/fore-community-manager-01.com\/\"},{\"@type\":\"ListItem\",\"position\":2,\"name\":\"Accueil\"}]},{\"@type\":\"WebSite\",\"@id\":\"https:\/\/fore-community-manager-01.com\/#website\",\"url\":\"https:\/\/fore-community-manager-01.com\/\",\"name\":\"Viennoiserie Plus\",\"description\":\"Un site utilisant WordPress\",\"publisher\":{\"@id\":\"https:\/\/fore-community-manager-01.com\/#organization\"},\"potentialAction\":[{\"@type\":\"SearchAction\",\"target\":{\"@type\":\"EntryPoint\",\"urlTemplate\":\"https:\/\/fore-community-manager-01.com\/?s={search_term_string}\"},\"query-input\":{\"@type\":\"PropertyValueSpecification\",\"valueRequired\":true,\"valueName\":\"search_term_string\"}}],\"inLanguage\":\"en-US\"},{\"@type\":\"Organization\",\"@id\":\"https:\/\/fore-community-manager-01.com\/#organization\",\"name\":\"Viennoiserie Plus\",\"url\":\"https:\/\/fore-community-manager-01.com\/\",\"logo\":{\"@type\":\"ImageObject\",\"inLanguage\":\"en-US\",\"@id\":\"https:\/\/fore-community-manager-01.com\/#\/schema\/logo\/image\/\",\"url\":\"https:\/\/fore-community-manager-01.com\/wp-content\/uploads\/2025\/05\/cropped-png-1.png\",\"contentUrl\":\"https:\/\/fore-community-manager-01.com\/wp-content\/uploads\/2025\/05\/cropped-png-1.png\",\"width\":200,\"height\":200,\"caption\":\"Viennoiserie Plus\"},\"image\":{\"@id\":\"https:\/\/fore-community-manager-01.com\/#\/schema\/logo\/image\/\"}}]}<\/script>\n<!-- \/ Yoast SEO plugin. -->","yoast_head_json":{"title":"Accueil \u2013 viennoiserie Plus","description":"Accueil \u2013 D\u00e9couvrez Viennoiserie Plus : des viennoiseries artisanales, faites maison. Qualit\u00e9, go\u00fbt et accueil chaleureux vous attendent !","robots":{"index":"noindex","follow":"follow","max-snippet":"max-snippet:-1","max-image-preview":"max-image-preview:large","max-video-preview":"max-video-preview:-1"},"og_locale":"en_US","og_type":"article","og_title":"Accueil \u2013 viennoiserie Plus","og_description":"Accueil \u2013 D\u00e9couvrez Viennoiserie Plus : des viennoiseries artisanales, faites maison. Qualit\u00e9, go\u00fbt et accueil chaleureux vous attendent !","og_url":"http:\/\/fore-community-manager-01.com\/","og_site_name":"Viennoiserie Plus","article_modified_time":"2025-10-26T01:39:20+00:00","twitter_card":"summary_large_image","twitter_misc":{"Est. reading time":"3 minutes"},"schema":{"@context":"https:\/\/schema.org","@graph":[{"@type":"WebPage","@id":"http:\/\/fore-community-manager-01.com\/","url":"http:\/\/fore-community-manager-01.com\/","name":"Accueil \u2013 viennoiserie Plus","isPartOf":{"@id":"https:\/\/fore-community-manager-01.com\/#website"},"datePublished":"2025-05-22T16:34:47+00:00","dateModified":"2025-10-26T01:39:20+00:00","description":"Accueil \u2013 D\u00e9couvrez Viennoiserie Plus : des viennoiseries artisanales, faites maison. Qualit\u00e9, go\u00fbt et accueil chaleureux vous attendent !","breadcrumb":{"@id":"http:\/\/fore-community-manager-01.com\/#breadcrumb"},"inLanguage":"en-US","potentialAction":[{"@type":"ReadAction","target":["http:\/\/fore-community-manager-01.com\/"]}]},{"@type":"BreadcrumbList","@id":"http:\/\/fore-community-manager-01.com\/#breadcrumb","itemListElement":[{"@type":"ListItem","position":1,"name":"Accueil","item":"http:\/\/fore-community-manager-01.com\/"},{"@type":"ListItem","position":2,"name":"Accueil"}]},{"@type":"WebSite","@id":"https:\/\/fore-community-manager-01.com\/#website","url":"https:\/\/fore-community-manager-01.com\/","name":"Viennoiserie Plus","description":"Un site utilisant WordPress","publisher":{"@id":"https:\/\/fore-community-manager-01.com\/#organization"},"potentialAction":[{"@type":"SearchAction","target":{"@type":"EntryPoint","urlTemplate":"https:\/\/fore-community-manager-01.com\/?s={search_term_string}"},"query-input":{"@type":"PropertyValueSpecification","valueRequired":true,"valueName":"search_term_string"}}],"inLanguage":"en-US"},{"@type":"Organization","@id":"https:\/\/fore-community-manager-01.com\/#organization","name":"Viennoiserie Plus","url":"https:\/\/fore-community-manager-01.com\/","logo":{"@type":"ImageObject","inLanguage":"en-US","@id":"https:\/\/fore-community-manager-01.com\/#\/schema\/logo\/image\/","url":"https:\/\/fore-community-manager-01.com\/wp-content\/uploads\/2025\/05\/cropped-png-1.png","contentUrl":"https:\/\/fore-community-manager-01.com\/wp-content\/uploads\/2025\/05\/cropped-png-1.png","width":200,"height":200,"caption":"Viennoiserie Plus"},"image":{"@id":"https:\/\/fore-community-manager-01.com\/#\/schema\/logo\/image\/"}}]}},"_links":{"self":[{"href":"https:\/\/fore-community-manager-01.com\/index.php\/wp-json\/wp\/v2\/pages\/59","targetHints":{"allow":["GET"]}}],"collection":[{"href":"https:\/\/fore-community-manager-01.com\/index.php\/wp-json\/wp\/v2\/pages"}],"about":[{"href":"https:\/\/fore-community-manager-01.com\/index.php\/wp-json\/wp\/v2\/types\/page"}],"author":[{"embeddable":true,"href":"https:\/\/fore-community-manager-01.com\/index.php\/wp-json\/wp\/v2\/users\/1"}],"replies":[{"embeddable":true,"href":"https:\/\/fore-community-manager-01.com\/index.php\/wp-json\/wp\/v2\/comments?post=59"}],"version-history":[{"count":18,"href":"https:\/\/fore-community-manager-01.com\/index.php\/wp-json\/wp\/v2\/pages\/59\/revisions"}],"predecessor-version":[{"id":485,"href":"https:\/\/fore-community-manager-01.com\/index.php\/wp-json\/wp\/v2\/pages\/59\/revisions\/485"}],"wp:attachment":[{"href":"https:\/\/fore-community-manager-01.com\/index.php\/wp-json\/wp\/v2\/media?parent=59"}],"curies":[{"name":"wp","href":"https:\/\/api.w.org\/{rel}","templated":true}]}}